12*o - y*o. What is the tens digit of o?
3
Let q(v) = 6*v**2 - 26*v + 100. What is the units digit of q(14)?
2
Suppose 5*b + 116 = 3*w, -b = 3*b - 3*w + 91. Let s = b + 25. Suppose s = -5*j + 8 + 17. What is the units digit of j?
5
Let k = 15 - 12. Let a(s) = -359*s + 6. Let c be a(k). What is the tens digit of 6/(-10) - c/85?
1
Suppose -43 = 4*o - 235. Suppose -u + o = 3*j, -u = u + 2*j - 100. What is the units digit of u?
1
Let d(m) = m**2 - 109. Let z be d(0). Let v = -81 - z. What is the tens digit of v?
2
Let k(r) = 21*r**3 - 4*r**2 - r + 2. Let m be k(3). Suppose i - 6*i = -m. What is the units digit of (i/(-10))/((-3)/15)?
3
Suppose k = -k. Let n = 95 + -91. Suppose a + 3*t - 13 - n = k, 3*t = a - 47. What is the units digit of a?
2
Let b(z) = -z**3 - 8*z**2 - z - 3. Let a be b(-8). Suppose 17 = 3*y + a. Suppose x - 2*g = 8 + 13, -x + 3 = y*g. What is the tens digit of x?
1
Let s be 40/12*(-54)/4. Let a = -63 + s. What is the units digit of 10/3*a/(-30)?
2
Suppose -2877 = -r + a, 0*r + 5*a - 5775 = -2*r. What is the tens digit of r?
8
Suppose 0 = -7*l - 10*l + 5304. What is the hundreds digit of l?
3
What is the tens digit of ((-841)/2)/((-15 + 2)/26)?
4
Let r = 7 + -5. Let p(z) = 4*z + 8*z - 5 + 7*z - 7*z. What is the tens digit of p(r)?
1
Let n(l) = l**3 + 6*l**2 - 4*l + 13. What is the tens digit of n(5)?
6
Let t be (-30)/6 - -156 - -3. Let p = 368 - t. What is the units digit of p?
4
Suppose 43 = -4*a + 3*a. Let t = a - -92. What is the tens digit of t?
4
Suppose -5*q + 3*q = 2*o - 368, 4*o - 555 = -3*q. What is the hundreds digit of q?
1
Suppose 5*v = 2*v - 12, 4*f - v - 12 = 0. Suppose p = 5*g + 47 - f, -5*p + 345 = 5*g. What is the units digit of p?
5
Let m(y) = 236*y + 34. What is the hundreds digit of m(1)?
2
Let u(f) = 4*f - 20. Let j(b) = -7*b - 9*b - 19 + 19*b. Let a(w) = 6*j(w) - 5*u(w). What is the tens digit of a(-13)?
1
Suppose x - 42 - 16 = -3*n, 3*n = 4*x - 217. Suppose p + 24 = x. What is the units digit of p?
1
Suppose -c = 4*i - 28, 4*i = 2*c + 21 + 19. Let y be 0 + -3 - (1 - i). Suppose 0 = -3*w + 59 + y. What is the tens digit of w?
2
Suppose 5*v = -4*h + 8, v - 5*h = -8 - 2. Suppose v*d = -5*a + 5*d + 50, -3*a + 40 = 2*d. What is the tens digit of a?
1
Let j = 1645 + -933. What is the units digit of j?
2
Let t = -313 - -733. Suppose t = -15*f + 18*f. What is the tens digit of f?
4
Let o be (-1)/2 + 27/18. Suppose x - z = o + 7, -5*x + 37 = -4*z. Let r = x - -5. What is the units digit of r?
0
Let q = -5015 + 8616. What is the tens digit of q?
0
Let l(y) = -y - 11. Let i be l(-14). Suppose -6*h + 2*h = i*r - 240, 300 = 5*h + 3*r. What is the tens digit of h?
6
Let d = 11 - 16. Let r(a) = 5*a**3 - 8*a**2 + 8*a - 6. Let q(s) = -3*s**3 + 4*s**2 - 4*s + 3. Let b(g) = d*q(g) - 2*r(g). What is the units digit of b(2)?
9
Suppose -3*r - 3*k + 531 = 0, 3*r - 92 = -2*k + 435. Let g = -89 + r. What is the tens digit of g?
8
Let f(b) be the second derivative of b**4/12 - b**3 - 19*b**2/2 - 2*b. What is the tens digit of f(-8)?
9
Suppose -4*n - f - 8 = 0, -3*n + f + 9 = -2*f. Let h = 5 + n. Suppose -4*w - 28 = -h*m, -2*w - 17 = -2*m - w. What is the tens digit of m?
1
Let p(l) = -l**3 + 57*l**2 - 104*l + 178. What is the hundreds digit of p(55)?
5
Suppose 402 = -5*k - 5*d + d, 5*d = 4*k + 297. Let m = 228 + k. What is the hundreds digit of m?
1
Suppose 0*y - 12 = y + 4*a, 3 = 3*y - a. Suppose -2*j - 3*q + 142 = y, -4*q + 310 = 5*j - 52. What is the tens digit of j?
7
Suppose 6*y = 458 + 8848. What is the tens digit of y?
5
Let x(y) = 13*y**2 - 2*y + 1. Let i be 68/(-20) - (-2)/5. Let z be i/1 - (2 + -6). What is the tens digit of x(z)?
1
Suppose -13*l - 35 = -14*l. Let v = 111 - l. What is the tens digit of v?
7
Suppose -133*m = -128*m - 2940. What is the units digit of m?
8
Let h(n) = n**3 + 14*n**2 + 9*n + 5. Let p be h(-7). Let m = 403 - p. What is the hundreds digit of m?
1
Suppose 23*o - 9200 = -3036. What is the tens digit of o?
6
Let h be (45/6 - 6)/((-6)/8). What is the units digit of (5 + -9)*43/h?
6
Let s(h) = h**2 + 6*h. Let v be s(-6). Suppose 16 = 4*t - v. What is the units digit of t?
4
Let y(q) = q**3 + 33*q**2 + 27*q - 89. What is the tens digit of y(-27)?
5
What is the units digit of (-1752)/(-28) + (-24)/(-56)?
3
Suppose 33*z + 15 = 38*z. Suppose z*o + o = 392. What is the units digit of o?
8
Let n(w) = 3*w**3 - w**2 + 9. What is the units digit of n(5)?
9
Let c = 431 + 259. What is the units digit of c?
0
Suppose 0 = -4*u + 5 + 3. Suppose 144 = -u*q + 6*q. Let c = q - 0. What is the tens digit of c?
3
Let d be (-18)/((-4)/(-460)*5). What is the tens digit of d/(-10) - (-5 + 135/25)?
4
Let p = -24 - -31. What is the units digit of (p/5)/(12/60)?
7
Suppose -5*x - 10 = -5*y, 3*x = y + y - 1. Suppose -41*a - y = -42*a. What is the units digit of a?
5
Suppose 0 = -4*g - 5*a, -2*a - 6 = 2*g + 2*a. Suppose 2*p = -8 - 2, 0 = -4*z - g*p - 25. Suppose z*u + 5*u = 365. What is the tens digit of u?
7
Suppose -4*r = 411 - 2635. What is the units digit of r?
6
Let z be 3/(-2)*4/(-6). Let w be (0 + 1 + 2)/z. Let q(i) = i + 2. What is the units digit of q(w)?
5
Suppose -2*j - 580 = -14*d + 13*d, 0 = 2*d - 5*j - 1159. What is the hundreds digit of d?
5
What is the hundreds digit of 3 - 334/3*-6?
6
Let k = 195 + -210. Let p(f) = -f + 5. Let l be p(6). What is the units digit of (k - (-1 - -3))*l?
7
Let l(x) = 2*x - 20. Let g be l(8). What is the units digit of (-848)/(-12) - 1/((-6)/g)?
0
Let w be (-6)/(-30) + 8598/10. Suppose 0 = 4*h - f + w, f = -4*h + 5*f - 848. What is the tens digit of (-2)/(4 + h/52)?
1
Suppose -w = 3*w - 12. Suppose -3*x = 3, -x + 2 = 5*l - w*x. Suppose -q + 15 + 8 = l. What is the tens digit of q?
2
Suppose 0 = 4*k + 2*h + 26, 4*k + 4*h + 43 - 11 = 0. What is the units digit of (-1518)/(-30) - 2/k?
1
Suppose 3*y = 4*x - 45, -3*y = -2 - 13. Let z = -13 + x. Suppose -z*j + 19 = -j. What is the tens digit of j?
1
Let q = -121 + 209. What is the units digit of q?
8
What is the units digit of 238740/228 - (-8)/(-76)?
7
Let l(t) = 13*t**2 + 8*t - 37. Let n be l(5). Suppose n = 2*w - 4*x, -5*x = w - 6*w + 840. What is the units digit of w?
2
Let a = 1536 - -135. What is the hundreds digit of a?
6
Let i be (-2)/((3/18)/(-1)). Suppose 4*z + i + 0 = 0. What is the tens digit of (432/60)/(z/(-20))?
4
Suppose 0 = -t - 2*p + 628, 0 = p - 5 + 7. What is the hundreds digit of t?
6
Let r = -274 - -277. Let u be (-2)/9 + 76/18. Suppose -u*a + 210 = a + r*p, 0 = 3*p. What is the tens digit of a?
4
Let v(b) = 74*b + 7. What is the hundreds digit of v(8)?
5
Let d = -35 + 5. Let k = d - -13. Let x = 19 + k. What is the units digit of x?
2
Let p(g) = -3*g**3 - g**2 + g - 1. Let n be p(1). Let c = n + 56. Let y = c - 29. What is the tens digit of y?
2
Let z(l) = 3*l + 6. Let u be z(-4). Let o be (u/(-4))/(3/164). Suppose 0 = -3*y + y + o. What is the units digit of y?
1
Let y be 9/1 - (-12)/(-3). Let s = -478 - -711. Suppose 0*i = -2*i - 4, -s = -y*u + 4*i. What is the tens digit of u?
4
Suppose 3*i + 9 = 5*m, -2*m = -0*m - 6. Suppose -4*y + 22 + 28 = -r, i*r = 4. Let n = y + -1. What is the tens digit of n?
1
What is the hundreds digit of 19/(627/88946) - (-8)/(-6)?
6
Let f = -10 - -21. Let j(n) = n**2 - 4*n + 7. Let x be j(-5). Suppose -9*a + f*a - x = 0. What is the units digit of a?
6
Let p(n) = 227*n - 105. What is the tens digit of p(11)?
9
Let q(i) = -3*i**3 - 9*i**2 + 3*i - 9. What is the hundreds digit of q(-8)?
9
Let c = -516 - -1002. What is the units digit of c?
6
Let c(g) = -27*g**2 - 10*g + 24. Let w be c(3). Let q = w - -349. What is the tens digit of q?
0
Suppose 5*b + 101 = 4*c, -2*c = -4*b - b - 63. Suppose -7 = 3*h - 4*i - 25, 5*i + c = 2*h. What is the units digit of h?
2
Suppose -6*v = -4*v - 8. Suppose 0 = 8*l - v*l - 28. What is the units digit of l?
7
Let q be (-4)/(8/6) + 7. Suppose 3 + 12 = 5*a. Let n = q + a. What is the units digit of n?
7
Suppose -25*c = -28*c + 1758. What is the units digit of c?
6
Let q(z) = 5*z**2 + 21*z + 135. What is the hundreds digit of q(-8)?
2
Let l be (-1)/(-2)*(-1 + (-5 - -6)). Suppose -7*z + 2*z + 230 = l. What is the tens digit of z?
4
Let m(b) be the third derivative of -b**6/120 - b**5/10 - 5*b**4/24 - 2*b**3/3 - 5*b**2. Let s be m(-4). What is the units digi